e remainder when 1223 is divided by 243.
8
Calculate the remainder when 1330 is divided by 46.
42
What is the remainder when 1078 is divided by 12?
10
What is the remainder when 4506 is divided by 16?
10
What is the remainder when 101 is divided by 17?
16
What is the remainder when 19226 is divided by 51?
50
Calculate the remainder when 2437 is divided by 791.
64
Calculate the remainder when 844 is divided by 77.
74
Calculate the remainder when 17641 is divided by 5877.
10
Calculate the remainder when 130 is divided by 30.
10
What is the remainder when 124 is divided by 22?
14
Calculate the remainder when 151 is divided by 55.
41
What is the remainder when 242 is divided by 88?
66
Calculate the remainder when 2419 is divided by 202.
197
Calculate the remainder when 78 is divided by 15.
3
What is the remainder when 98 is divided by 26?
20
Calculate the remainder when 80 is divided by 42.
38
Calculate the remainder when 92 is divided by 22.
4
Calculate the remainder when 3447 is divided by 18.
9
What is the remainder when 202 is divided by 51?
49
Calculate the remainder when 35 is divided by 30.
5
What is the remainder when 878 is divided by 11?
9
Calculate the remainder when 264 is divided by 50.
14
Calculate the remainder when 625 is divided by 15.
10
What is the remainder when 43 is divided by 13?
4
What is the remainder when 174 is divided by 80?
14
Calculate the remainder when 398 is divided by 98.
6
Calculate the remainder when 575 is divided by 12.
11
What is the remainder when 1878 is divided by 24?
6
What is the remainder when 3038 is divided by 304?
302
Calculate the remainder when 227 is divided by 100.
27
Calculate the remainder when 63 is divided by 6.
3
What is the remainder when 993 is divided by 28?
13
Calculate the remainder when 147 is divided by 34.
11
Calculate the remainder when 980 is divided by 164.
160
Calculate the remainder when 386 is divided by 85.
46
Calculate the remainder when 70 is divided by 18.
16
Calculate the remainder when 46 is divided by 25.
21
What is the remainder when 836 is divided by 46?
8
Calculate the remainder when 189 is divided by 100.
89
Calculate the remainder when 717 is divided by 183.
168
Calculate the remainder when 450 is divided by 105.
30
What is the remainder when 408 is divided by 159?
90
Calculate the remainder when 234 is divided by 6.
0
What is the remainder when 1513 is divided by 34?
17
Calculate the remainder when 26 is divided by 2.
0
What is the remainder when 5383 is divided by 22?
15
What is the remainder when 382 is divided by 39?
31
What is the remainder when 1019 is divided by 51?
50
What is the remainder when 1151 is divided by 47?
23
Calculate the remainder when 2114 is divided by 67.
37
Calculate the remainder when 2734 is divided by 161.
158
Calculate the remainder when 10257 is divided by 36.
33
What is the remainder when 1858 is divided by 155?
153
What is the remainder when 549 is divided by 69?
66
What is the remainder when 1378 is divided by 69?
67
Calculate the remainder when 718 is divided by 104.
94
What is the remainder when 276 is divided by 10?
6
Calculate the remainder when 1335 is divided by 529.
277
Calculate the remainder when 35132 is divided by 11.
9
What is the remainder when 5605 is divided by 9?
7
What is the remainder when 701 is divided by 54?
53
Calculate the remainder when 65 is divided by 26.
13
Calculate the remainder when 206 is divided by 89.
28
What is the remainder when 2251 is divided by 7?
4
What is the remainder when 204 is divided by 9?
6
Calculate the remainder when 4697 is divided by 58.
57
Calculate the remainder when 47347 is divided by 89.
88
Calculate the remainder when 1700 is divided by 12.
8
Calculate the remainder when 178 is divided by 6.
4
Calculate the remainder when 1971 is divided by 11.
2
What is the remainder when 164 is divided by 29?
19
What is the remainder when 1438 is divided by 72?
70
What is the remainder when 2791 is divided by 57?
55
Calculate the remainder when 211 is divided by 105.
1
Calculate the remainder when 5228 is divided by 83.
82
What is the remainder when 92 is divided by 10?
2
What is the remainder when 37 is divided by 33?
4
Calculate the remainder when 5456 is divided by 84.
80
What is the remainder when 1762 is divided by 352?
2
Calculate the remainder when 1131 is divided by 58.
29
Calculate the remainder when 244 is divided by 22.
2
Calculate the remainder when 822 is divided by 136.
6
Calculate the remainder when 9806 is divided by 65.
56
Calculate the remainder when 4383 is divided by 1456.
15
What is the remainder when 1643 is divided by 67?
35
What is the remainder when 44 is divided by 15?
14
Calculate the remainder when 15260 is divided by 13.
11
Calculate the remainder when 130 is divided by 32.
2
Calculate the remainder when 764 is divided by 370.
24
Calculate the remainder when 147 is divided by 88.
59
Calculate the remainder when 5112 is divided by 55.
52
Calculate the remainder when 58 is divided by 56.
2
What is the remainder when 869 is divided by 67?
65
Calculate the remainder when 2921 is divided by 65.
61
Calculate the remainder when 715 is divided by 20.
15
What is the remainder when 278 is divided by 68?
6
What is the remainder when 683 is divided by 38?
37
Calculate the remainder when 104 is divided by 21.
20
What is the remainder when 58 is divided by 4?
2
What is the remainder when 162 is divided by 42?
36
Calculate the remainder when 603 is divided by 101.
98
What is the remainder when 4501 is divided by 17?
13
Calculate the remainder when 227 is divided by 83.
61
What is the remainder when 137 is divided by 56?
25
What is the remainder when 1654 is divided by 24?
22
What is the remainder when 69 is divided by 15?
9
What is the remainder when 237 is divided by 61?
54
Calculate the remainder when 166 is divided by 34.
30
What is the remainder when 742 is divided by 80?
22
Calculate the remainder when 351 is divided by 31.
10
Calculate the remainder when 1327 is divided by 70.
67
Calculate the remainder when 259 is divided by 128.
3
Calculate the remainder when 36094 is divided by 94.
92
Calculate the remainder when 739 is divided by 148.
147
Calculate the remainder when 349 is divided by 11.
8
What is the remainder when 51 is divided by 5?
1
What is the remainder when 365 is divided by 95?
80
What is the remainder when 326 is divided by 83?
77
What is the remainder when 398 is divided by 59?
44
What is the remainder when 313 is divided by 40?
33
Calculate the remainder when 46 is divided by 24.
22
Calculate the remainder when 74 is divided by 57.
17
Calculate the remainder when 238 is divided by 61.
55
Calculate the remainder when 1117 is divided by 80.
77
What is the remainder when 6043 is divided by 27?
22
What is the remainder when 1305 is divided by 123?
75
Calculate the remainder when 64 is divided by 8.
0
What is the remainder when 1568 is divided by 13?
8
Calculate the remainder when 856 is divided by 34.
6
Calculate the remainder when 261 is divided by 62.
13
What is the remainder when 3274 is divided by 11?
7
What is the remainder when 347 is divided by 59?
52
Calculate the remainder when 8126 is divided by 16.
14
Calculate the remainder when 79 is divided by 28.
23
What is the remainder when 986 is divided by 435?
116
Calculate the remainder when 535 is divided by 32.
23
Calculate the remainder when 66 is divided by 27.
12
Calculate the remainder when 222 is divided by 110.
2
Calculate the remainder when 306 is divided by 63.
54
What is the remainder when 1445 is divided by 359?
9
Calculate the remainder when 221 is divided by 35.
11
What is the remainder when 268 is divided by 82?
22
What is the remainder when 133 is divided by 39?
16
Calculate the remainder when 324 is divided by 74.
28
What is the remainder when 1036 is divided by 206?
6
What is the remainder when 92 is divided by 16?
12
What is the remainder when 1237 is divided by 101?
25
What is the remainder when 82 is divided by 67?
15
What is the remainder when 175 is divided by 32?
15
Calculate the remainder when 2289 is divided by 115.
104
What is the remainder when 1082 is divided by 48?
26
What is the remainder when 43 is divided by 9?
7
Calculate the remainder when 124 is divided by 20.
4
Calcu